{"id":346,"date":"2018-09-01T08:47:54","date_gmt":"2018-09-01T08:47:54","guid":{"rendered":"https:\/\/womoto.de\/?page_id=346"},"modified":"2018-09-01T08:47:54","modified_gmt":"2018-09-01T08:47:54","slug":"flachsicherungen","status":"publish","type":"page","link":"https:\/\/womoto.de\/?page_id=346","title":{"rendered":"Flachsicherungen"},"content":{"rendered":"<table class=\"aligncenter\" style=\"height: 500px; width: 100%; border-collapse: collapse; border-style: solid; border-color: #700c0c; background-color: #fcfcfc;\" border=\"1\">\n<tbody>\n<tr style=\"height: 40px;\">\n<th style=\"width: 104.618%; height: 40px; background-color: #ded9d9; text-align: center; vertical-align: middle;\" colspan=\"4\"><span style=\"font-family: arial, helvetica, sans-serif; font-size: 12pt; color: #800000;\"><em>Bauformen von KFZ-Flachstecksicherungen<\/em><\/span><\/th>\n<\/tr>\n<tr style=\"height: 70px;\">\n<td style=\"width: 50.6688%; height: 70px; background-color: #f0eded;\"><span style=\"font-family: arial, helvetica, sans-serif; font-size: 12pt;\"><em>Typ<\/em><\/span><\/td>\n<td style=\"width: 3.72886%; height: 70px; background-color: #f0eded;\"><span style=\"font-family: arial, helvetica, sans-serif; font-size: 12pt;\"><em>Alternative Bezeichnungen<sup id=\"cite_ref-3\" class=\"reference\"><\/sup><\/em><\/span><\/td>\n<td style=\"width: 25%; height: 70px; background-color: #f0eded;\"><span style=\"font-family: arial, helvetica, sans-serif; font-size: 12pt;\"><em>Abmessung L \u00d7 B \u00d7 H<\/em><\/span><\/td>\n<td style=\"width: 25.22%; height: 70px; background-color: #f0eded;\"><span style=\"font-family: arial, helvetica, sans-serif; font-size: 12pt;\"><em>\u00dcbliche Nennstr\u00f6me<\/em><\/span><\/td>\n<\/tr>\n<tr style=\"height: 71px;\">\n<td style=\"width: 50.6688%; height: 71px;\"><span style=\"font-family: arial, helvetica, sans-serif; font-size: 12pt;\">Niedrige Mini-Stecksicherung (low-profile mini fuse)<\/span><\/td>\n<td style=\"width: 3.72886%; height: 71px;\">&nbsp;<\/td>\n<td style=\"width: 25%; height: 71px;\"><span style=\"font-family: arial, helvetica, sans-serif; font-size: 12pt;\">10,9 \u00d7 3,81 \u00d7 8,73 mm<\/span><\/td>\n<td style=\"width: 25.22%; height: 71px;\"><span style=\"font-family: arial, helvetica, sans-serif; font-size: 12pt;\">2; 5; 7,5; 10; 15; 20; 25; 30<\/span><\/td>\n<\/tr>\n<tr style=\"height: 70px;\">\n<td style=\"width: 50.6688%; height: 70px;\"><span style=\"font-family: arial, helvetica, sans-serif; font-size: 12pt;\">Mini-Stecksicherung (mini fuse)<\/span><\/td>\n<td style=\"width: 3.72886%; height: 70px;\"><span style=\"font-family: arial, helvetica, sans-serif; font-size: 12pt;\">FK1; Mini;<\/span><\/td>\n<td style=\"width: 25%; height: 70px;\"><span style=\"font-family: arial, helvetica, sans-serif; font-size: 12pt;\">10,9 \u00d7 3,6 \u00d7 16,3 mm<\/span><\/td>\n<td style=\"width: 25.22%; height: 70px;\"><span style=\"font-family: arial, helvetica, sans-serif; font-size: 12pt;\">2; 3; 4; 5; 7,5; 10; 15; 20; 25; 30<\/span><\/td>\n<\/tr>\n<tr style=\"height: 100px;\">\n<td style=\"width: 50.6688%; height: 100px;\"><span style=\"font-family: arial, helvetica, sans-serif; font-size: 12pt;\">Standard-Stecksicherung (regular ATO fuse)<\/span><\/td>\n<td style=\"width: 3.72886%; height: 100px;\"><span style=\"font-family: arial, helvetica, sans-serif; font-size: 12pt;\">FK2; Midi; FKS; TF<\/span><\/td>\n<td style=\"width: 25%; height: 100px;\"><span style=\"font-family: arial, helvetica, sans-serif; font-size: 12pt;\">19,1 \u00d7 5,1 \u00d7 18,5 mm<\/span><\/td>\n<td style=\"width: 25.22%; height: 100px;\"><span style=\"font-family: arial, helvetica, sans-serif; font-size: 12pt;\">1; 2; 3; 4; 5; 7,5; 10; 15; 20; 25; 30; 35; 40<\/span><\/td>\n<\/tr>\n<tr style=\"height: 100px;\">\n<td style=\"width: 50.6688%; height: 100px;\"><span style=\"font-family: arial, helvetica, sans-serif; font-size: 12pt;\">Maxi-Stecksicherung (maxi fuse)<\/span><\/td>\n<td style=\"width: 3.72886%; height: 100px;\"><span style=\"font-family: arial, helvetica, sans-serif; font-size: 12pt;\">FK3; Maxi<\/span><\/td>\n<td style=\"width: 25%; height: 100px;\"><span style=\"font-family: arial, helvetica, sans-serif; font-size: 12pt;\">29,2 \u00d7 8,5 \u00d7 34,3 mm<\/span><\/td>\n<td style=\"width: 25.22%; height: 100px;\"><span style=\"font-family: arial, helvetica, sans-serif; font-size: 12pt;\">20; 25; 30; 35; 40; 50; 60; 70; 80; 100; 120<\/span><\/td>\n<\/tr>\n<\/tbody>\n<\/table>\n<p><b>ATO<\/b>-Fuse, (<b>A<\/b>utomotive <b>T<\/b>echnology <b>O<\/b>rganization)<\/p>\n<table style=\"width: 100%; border-collapse: collapse; border-style: solid; border-color: #4a0404;\" border=\"1\">\n<tbody>\n<tr>\n<th style=\"width: 10%; background-color: #ded9d9; text-align: center;\" colspan=\"11\"><span style=\"font-family: arial, helvetica, sans-serif; font-size: 12pt;\"><em><strong>Farbkodierung und Nennstr\u00f6me von KFZ-Flachstecksicherungen<\/strong><\/em><\/span><\/th>\n<\/tr>\n<tr>\n<td style=\"width: 10%; background-color: #f0eded;\"><span style=\"font-family: arial, helvetica, sans-serif; font-size: 12pt;\">1A<\/span><\/td>\n<td style=\"width: 10%; background-color: #f0eded;\"><span style=\"font-family: arial, helvetica, sans-serif; font-size: 12pt;\">2A<\/span><\/td>\n<td style=\"width: 10%; background-color: #f0eded;\"><span style=\"font-family: arial, helvetica, sans-serif; font-size: 12pt;\">3A<\/span><\/td>\n<td style=\"width: 10%; background-color: #f0eded;\"><span style=\"font-family: arial, helvetica, sans-serif; font-size: 12pt;\">4A<\/span><\/td>\n<td style=\"width: 10%; background-color: #f0eded;\"><span style=\"font-family: arial, helvetica, sans-serif; font-size: 12pt;\">5A<\/span><\/td>\n<td style=\"width: 10%; background-color: #f0eded;\"><span style=\"font-family: arial, helvetica, sans-serif; font-size: 12pt;\">7,5A<\/span><\/td>\n<td style=\"width: 10%; background-color: #f0eded;\"><span style=\"font-family: arial, helvetica, sans-serif; font-size: 12pt;\">10A<\/span><\/td>\n<td style=\"width: 10%; background-color: #f0eded;\"><span style=\"font-family: arial, helvetica, sans-serif; font-size: 12pt;\">15A<\/span><\/td>\n<td style=\"width: 10%; background-color: #f0eded;\"><span style=\"font-family: arial, helvetica, sans-serif; font-size: 12pt;\">20A<\/span><\/td>\n<td style=\"width: 5%; background-color: #f0eded;\"><span style=\"font-family: arial, helvetica, sans-serif; font-size: 12pt;\">25A<\/span><\/td>\n<td style=\"width: 5%; background-color: #f0eded;\"><span style=\"font-family: arial, helvetica, sans-serif; font-size: 12pt;\">30A<\/span><\/td>\n<\/tr>\n<tr>\n<td style=\"width: 10%;\"><span style=\"font-family: arial, helvetica, sans-serif; font-size: 10pt;\">schwarz<\/span><\/td>\n<td style=\"width: 10%;\"><span style=\"font-family: arial, helvetica, sans-serif; font-size: 12pt;\">grau<\/span><\/td>\n<td style=\"width: 10%;\"><span style=\"font-family: arial, helvetica, sans-serif; font-size: 12pt;\">violett<\/span><\/td>\n<td style=\"width: 10%;\"><span style=\"font-family: arial, helvetica, sans-serif; font-size: 12pt;\">rosa<\/span><\/td>\n<td style=\"width: 10%;\"><span style=\"font-family: arial, helvetica, sans-serif; font-size: 12pt;\">hell braun<\/span><\/td>\n<td style=\"width: 10%;\"><span style=\"font-family: arial, helvetica, sans-serif; font-size: 12pt;\">braun<\/span><\/td>\n<td style=\"width: 10%;\"><span style=\"font-family: arial, helvetica, sans-serif; font-size: 12pt;\">rot<\/span><\/td>\n<td style=\"width: 10%;\"><span style=\"font-family: arial, helvetica, sans-serif; font-size: 12pt;\">blau<\/span><\/td>\n<td style=\"width: 10%;\"><span style=\"font-family: arial, helvetica, sans-serif; font-size: 12pt;\">gelb<\/span><\/td>\n<td style=\"width: 5%;\"><span style=\"font-family: arial, helvetica, sans-serif; font-size: 12pt;\">matt<\/span><\/td>\n<td style=\"width: 5%;\"><span style=\"font-family: arial, helvetica, sans-serif; font-size: 12pt;\">gr\u00fcn<\/span><\/td>\n<\/tr>\n<tr>\n<td style=\"width: 10%;\" colspan=\"11\">&nbsp;<\/td>\n<\/tr>\n<tr>\n<td style=\"width: 10%; background-color: #f0eded;\"><span style=\"font-family: arial, helvetica, sans-serif; font-size: 12pt;\">35A<\/span><\/td>\n<td style=\"width: 10%; background-color: #f0eded;\"><span style=\"font-family: arial, helvetica, sans-serif; font-size: 12pt;\">40A<\/span><\/td>\n<td style=\"width: 10%; background-color: #f0eded;\"><span style=\"font-family: arial, helvetica, sans-serif; font-size: 12pt;\">50A<\/span><\/td>\n<td style=\"width: 10%; background-color: #f0eded;\"><span style=\"font-family: arial, helvetica, sans-serif; font-size: 12pt;\">60A<\/span><\/td>\n<td style=\"width: 10%; background-color: #f0eded;\"><span style=\"font-family: arial, helvetica, sans-serif; font-size: 12pt;\">70A<\/span><\/td>\n<td style=\"width: 10%; background-color: #f0eded;\"><span style=\"font-family: arial, helvetica, sans-serif; font-size: 12pt;\">80A<\/span><\/td>\n<td style=\"width: 10%; background-color: #f0eded;\"><span style=\"font-family: arial, helvetica, sans-serif; font-size: 12pt;\">100A<\/span><\/td>\n<td style=\"width: 10%; background-color: #f0eded;\"><span style=\"font-family: arial, helvetica, sans-serif; font-size: 12pt;\">120A<\/span><\/td>\n<td style=\"width: 10%; background-color: #f0eded;\">&nbsp;<\/td>\n<td style=\"width: 5%; background-color: #f0eded;\">&nbsp;<\/td>\n<td style=\"width: 5%; background-color: #f0eded;\">&nbsp;<\/td>\n<\/tr>\n<tr>\n<td style=\"width: 10%;\"><span style=\"font-family: arial, helvetica, sans-serif; font-size: 12pt;\">blau gr\u00fcn<\/span><\/td>\n<td style=\"width: 10%;\"><span style=\"font-family: arial, helvetica, sans-serif; font-size: 12pt;\">orange<\/span><\/td>\n<td style=\"width: 10%;\"><span style=\"font-family: arial, helvetica, sans-serif; font-size: 12pt;\">rot<\/span><\/td>\n<td style=\"width: 10%;\"><span style=\"font-family: arial, helvetica, sans-serif; font-size: 12pt;\">blau<\/span><\/td>\n<td style=\"width: 10%;\"><span style=\"font-family: arial, helvetica, sans-serif; font-size: 12pt;\">hell braun<\/span><\/td>\n<td style=\"width: 10%;\"><span style=\"font-family: arial, helvetica, sans-serif; font-size: 12pt;\">klar<\/span><\/td>\n<td style=\"width: 10%;\"><span style=\"font-family: arial, helvetica, sans-serif; font-size: 12pt;\">violett<\/span><\/td>\n<td style=\"width: 10%;\"><span style=\"font-family: arial, helvetica, sans-serif; font-size: 12pt;\">rosa<\/span><\/td>\n<td style=\"width: 10%;\">&nbsp;<\/td>\n<td style=\"width: 5%;\">&nbsp;<\/td>\n<td style=\"width: 5%;\">&nbsp;<\/td>\n<\/tr>\n<\/tbody>\n<\/table>\n","protected":false},"excerpt":{"rendered":"<p>Bauformen von KFZ-Flachstecksicherungen Typ Alternative Bezeichnungen Abmessung L \u00d7 B \u00d7 H \u00dcbliche Nennstr\u00f6me Niedrige Mini-Stecksicherung (low-profile mini fuse) &nbsp; 10,9 \u00d7 3,81 \u00d7 8,73 mm 2; 5; 7,5; 10; 15; 20; 25; 30 Mini-Stecksicherung (mini fuse) FK1; Mini; 10,9 \u00d7 3,6 \u00d7 16,3 mm 2; 3; 4; 5; 7,5;<\/p>\n","protected":false},"author":1,"featured_media":0,"parent":26,"menu_order":0,"comment_status":"closed","ping_status":"closed","template":"","meta":{"ngg_post_thumbnail":0,"jetpack_post_was_ever_published":false},"jetpack_sharing_enabled":true,"jetpack_shortlink":"https:\/\/wp.me\/PaavYR-5A","_links":{"self":[{"href":"https:\/\/womoto.de\/index.php?rest_route=\/wp\/v2\/pages\/346"}],"collection":[{"href":"https:\/\/womoto.de\/index.php?rest_route=\/wp\/v2\/pages"}],"about":[{"href":"https:\/\/womoto.de\/index.php?rest_route=\/wp\/v2\/types\/page"}],"author":[{"embeddable":true,"href":"https:\/\/womoto.de\/index.php?rest_route=\/wp\/v2\/users\/1"}],"replies":[{"embeddable":true,"href":"https:\/\/womoto.de\/index.php?rest_route=%2Fwp%2Fv2%2Fcomments&post=346"}],"version-history":[{"count":16,"href":"https:\/\/womoto.de\/index.php?rest_route=\/wp\/v2\/pages\/346\/revisions"}],"predecessor-version":[{"id":362,"href":"https:\/\/womoto.de\/index.php?rest_route=\/wp\/v2\/pages\/346\/revisions\/362"}],"up":[{"embeddable":true,"href":"https:\/\/womoto.de\/index.php?rest_route=\/wp\/v2\/pages\/26"}],"wp:attachment":[{"href":"https:\/\/womoto.de\/index.php?rest_route=%2Fwp%2Fv2%2Fmedia&parent=346"}],"curies":[{"name":"wp","href":"https:\/\/api.w.org\/{rel}","templated":true}]}}