{"id":21,"date":"2018-02-01T14:10:02","date_gmt":"2018-02-01T14:10:02","guid":{"rendered":"http:\/\/womoto.de\/?page_id=21"},"modified":"2020-06-23T17:11:34","modified_gmt":"2020-06-23T17:11:34","slug":"zubehoer","status":"publish","type":"page","link":"https:\/\/womoto.de\/?page_id=21","title":{"rendered":"Zubeh\u00f6r"},"content":{"rendered":"<p>Da ich viel alleine mache, ob Solar, Luftfederung, Kleinkram, w\u00fcrde ich gerne es mit euch hier teilen.<\/p>\n<p>Ich besitze kein extra Werkzeug, kein spezial Werkzeug, ich w\u00fcrde sagen es k\u00f6nnen alle nachmachen. Ich bin auch bereit jedem zu helfen. Also wenn ihr fragen habt einfach schreiben und ich werde so schnell wie m\u00f6glich antworten.<\/p>\n<p>Zurzeit fertig oder fast fertig:<\/p>\n<ul style=\"list-style-type:circle;\">\n<li>Solar<\/li>\n<li>Garagen Motorradhalterung<\/li>\n<li>SAT &#8211; Anlage<\/li>\n<li>Zweite Batterie<\/li>\n<li>Wechselrichter<\/li>\n<li>Seitenbeleuchtung<\/li>\n<li>Luftfederung<\/li>\n<li>Truma iNet<\/li>\n<li>Truma Gasflaschen Sensor<\/li>\n<li>Thermometer innen und au\u00dfen<\/li>\n<li>TV mit Halterung<\/li>\n<li>Schmutzf\u00e4nger vorn Ducato<\/li>\n<li>HEOSafe f\u00fcr Ducato<\/li>\n<li>Airlineschiene \/ Zurrschienen<\/li>\n<\/ul>\n<p>Was noch kommt bzw. was ich mir noch w\u00fcnsche<\/p>\n<ul>\n<li><span style=\"font-size:12pt;\">Klima im Aufbau<\/span><\/li>\n<li><span style=\"font-size:12pt;\">GPS, <\/span><span style=\"font-size:large;\"><span style=\"font-size:12pt;\">DVB-T\/T2-Empfang<\/span><br \/>\n<span style=\"font-size:12pt;\">UKW-Empfang<\/span><br \/>\n<span style=\"font-size:12pt;\">DAB+ Empfang Antenne<\/span><\/span><\/li>\n<li><span style=\"font-size:12pt;\">Schmutzf\u00e4nger hinten<\/span><\/li>\n<li>Fenster im Bad ( Angebot1 &#8211; 900\u20ac ) da werde ich es wohl wieder mal alleine einbauen<\/li>\n<li>St\u00fctzen<\/li>\n<li>4&#215;4 ja ne is klar ( bleibt nur ein Wunsch)<\/li>\n<\/ul>\n<p>so und noch viel Kleinkram ob n\u00f6tig oder nicht ist jedem  selber \u00fcberlassen<\/p>\n<p>ich werde versuchen irgendwie alles verst\u00e4ndlich allen es r\u00fcberzubringen<\/p>\n<p>ich w\u00fcnsche allen viel spass und gutes gelingen<\/p>\n","protected":false},"excerpt":{"rendered":"<p>Da ich viel alleine mache, ob Solar, Luftfederung, Kleinkram, w\u00fcrde ich gerne es mit euch hier teilen. Ich besitze kein extra Werkzeug, kein spezial Werkzeug, ich w\u00fcrde sagen es k\u00f6nnen alle nachmachen. Ich bin auch bereit jedem zu helfen. Also wenn ihr fragen habt einfach schreiben und ich werde so<\/p>\n","protected":false},"author":1,"featured_media":0,"parent":0,"menu_order":0,"comment_status":"closed","ping_status":"closed","template":"","meta":{"ngg_post_thumbnail":0,"jetpack_post_was_ever_published":false},"jetpack_sharing_enabled":true,"jetpack_shortlink":"https:\/\/wp.me\/PaavYR-l","_links":{"self":[{"href":"https:\/\/womoto.de\/index.php?rest_route=\/wp\/v2\/pages\/21"}],"collection":[{"href":"https:\/\/womoto.de\/index.php?rest_route=\/wp\/v2\/pages"}],"about":[{"href":"https:\/\/womoto.de\/index.php?rest_route=\/wp\/v2\/types\/page"}],"author":[{"embeddable":true,"href":"https:\/\/womoto.de\/index.php?rest_route=\/wp\/v2\/users\/1"}],"replies":[{"embeddable":true,"href":"https:\/\/womoto.de\/index.php?rest_route=%2Fwp%2Fv2%2Fcomments&post=21"}],"version-history":[{"count":10,"href":"https:\/\/womoto.de\/index.php?rest_route=\/wp\/v2\/pages\/21\/revisions"}],"predecessor-version":[{"id":566,"href":"https:\/\/womoto.de\/index.php?rest_route=\/wp\/v2\/pages\/21\/revisions\/566"}],"wp:attachment":[{"href":"https:\/\/womoto.de\/index.php?rest_route=%2Fwp%2Fv2%2Fmedia&parent=21"}],"curies":[{"name":"wp","href":"https:\/\/api.w.org\/{rel}","templated":true}]}}